[INFO] fetching crate ddp 0.0.3...
[INFO] checking ddp-0.0.3 against try#72f88fc4e9458f89516a0b8b0868f3718aec5b47 for pr-74989
[INFO] extracting crate ddp 0.0.3 into /workspace/builds/worker-7/source
[INFO] validating manifest of crates.io crate ddp 0.0.3 on toolchain 72f88fc4e9458f89516a0b8b0868f3718aec5b47
[INFO] running `Command { std: "/workspace/cargo-home/bin/cargo" "+72f88fc4e9458f89516a0b8b0868f3718aec5b47" "read-manifest" "--manifest-path" "Cargo.toml", kill_on_drop: false }`
[INFO] started tweaking crates.io crate ddp 0.0.3
[INFO] finished tweaking crates.io crate ddp 0.0.3
[INFO] tweaked toml for crates.io crate ddp 0.0.3 written to /workspace/builds/worker-7/source/Cargo.toml
[INFO] running `Command { std: "/workspace/cargo-home/bin/cargo" "+72f88fc4e9458f89516a0b8b0868f3718aec5b47" "generate-lockfile" "--manifest-path" "Cargo.toml" "-Zno-index-update", kill_on_drop: false }`
[INFO] running `Command { std: "/workspace/cargo-home/bin/cargo" "+72f88fc4e9458f89516a0b8b0868f3718aec5b47" "fetch" "--locked" "--manifest-path" "Cargo.toml", kill_on_drop: false }`
[INFO] [stderr]  Downloading crates ...
[INFO] [stderr]   Downloaded websocket v0.12.2
[INFO] running `Command { std: "docker" "create" "-v" "/var/lib/crater-agent-workspace/builds/worker-7/target:/opt/rustwide/target:rw,Z" "-v" "/var/lib/crater-agent-workspace/builds/worker-7/source:/opt/rustwide/workdir:ro,Z" "-v" "/var/lib/crater-agent-workspace/cargo-home:/opt/rustwide/cargo-home:ro,Z" "-v" "/var/lib/crater-agent-workspace/rustup-home:/opt/rustwide/rustup-home:ro,Z" "-e" "SOURCE_DIR=/opt/rustwide/workdir" "-e" "CARGO_TARGET_DIR=/opt/rustwide/target" "-e" "CARGO_HOME=/opt/rustwide/cargo-home" "-e" "RUSTUP_HOME=/opt/rustwide/rustup-home" "-w" "/opt/rustwide/workdir" "-m" "1610612736" "--user" "0:0" "--network" "none" "rustops/crates-build-env@sha256:d92eaeed33fa75130ca1ee6c8a01d1ffb62bac859dfdfb3450e3e5d1c0146529" "/opt/rustwide/cargo-home/bin/cargo" "+72f88fc4e9458f89516a0b8b0868f3718aec5b47" "metadata" "--no-deps" "--format-version=1", kill_on_drop: false }`
[INFO] [stdout] 6b105b917b8531292d5bc10c4452abf8112fc3e489dc126dfe003df61f196bfb
[INFO] [stderr] WARNING: Your kernel does not support swap limit capabilities or the cgroup is not mounted. Memory limited without swap.
[INFO] running `Command { std: "docker" "start" "-a" "6b105b917b8531292d5bc10c4452abf8112fc3e489dc126dfe003df61f196bfb", kill_on_drop: false }`
[INFO] running `Command { std: "docker" "inspect" "6b105b917b8531292d5bc10c4452abf8112fc3e489dc126dfe003df61f196bfb", kill_on_drop: false }`
[INFO] running `Command { std: "docker" "rm" "-f" "6b105b917b8531292d5bc10c4452abf8112fc3e489dc126dfe003df61f196bfb", kill_on_drop: false }`
[INFO] [stdout] 6b105b917b8531292d5bc10c4452abf8112fc3e489dc126dfe003df61f196bfb
[INFO] running `Command { std: "docker" "create" "-v" "/var/lib/crater-agent-workspace/builds/worker-7/target:/opt/rustwide/target:rw,Z" "-v" "/var/lib/crater-agent-workspace/builds/worker-7/source:/opt/rustwide/workdir:ro,Z" "-v" "/var/lib/crater-agent-workspace/cargo-home:/opt/rustwide/cargo-home:ro,Z" "-v" "/var/lib/crater-agent-workspace/rustup-home:/opt/rustwide/rustup-home:ro,Z" "-e" "SOURCE_DIR=/opt/rustwide/workdir" "-e" "CARGO_TARGET_DIR=/opt/rustwide/target" "-e" "CARGO_INCREMENTAL=0" "-e" "RUST_BACKTRACE=full" "-e" "RUSTFLAGS=--cap-lints=forbid" "-e" "CARGO_HOME=/opt/rustwide/cargo-home" "-e" "RUSTUP_HOME=/opt/rustwide/rustup-home" "-w" "/opt/rustwide/workdir" "-m" "1610612736" "--user" "0:0" "--network" "none" "rustops/crates-build-env@sha256:d92eaeed33fa75130ca1ee6c8a01d1ffb62bac859dfdfb3450e3e5d1c0146529" "/opt/rustwide/cargo-home/bin/cargo" "+72f88fc4e9458f89516a0b8b0868f3718aec5b47" "check" "--frozen" "--all" "--all-targets" "--message-format=json", kill_on_drop: false }`
[INFO] [stderr] WARNING: Your kernel does not support swap limit capabilities or the cgroup is not mounted. Memory limited without swap.
[INFO] [stdout] df8436e32a80b7699c5aa01f49a0af4427c564e46754d72284ad1a3068f935e6
[INFO] running `Command { std: "docker" "start" "-a" "df8436e32a80b7699c5aa01f49a0af4427c564e46754d72284ad1a3068f935e6", kill_on_drop: false }`
[INFO] [stderr]     Checking cfg-if v0.1.10
[INFO] [stderr]     Checking lazy_static v1.4.0
[INFO] [stderr]    Compiling memchr v2.3.3
[INFO] [stderr]     Checking futures-task v0.3.5
[INFO] [stderr]    Compiling bitflags v1.2.1
[INFO] [stderr]     Checking rustc-serialize v0.3.24
[INFO] [stderr]     Checking futures-channel v0.3.5
[INFO] [stderr]    Compiling unicase v2.6.0
[INFO] [stderr]     Checking rand v0.4.6
[INFO] [stderr]     Checking log v0.4.11
[INFO] [stderr]     Checking net2 v0.2.35
[INFO] [stderr]     Checking getrandom v0.1.15
[INFO] [stderr]     Checking socket2 v0.3.15
[INFO] [stderr]     Checking tracing-core v0.1.16
[INFO] [stderr]     Checking futures-util v0.3.5
[INFO] [stderr]     Checking rand_core v0.5.1
[INFO] [stderr]     Checking want v0.3.0
[INFO] [stderr]     Checking log v0.3.9
[INFO] [stderr]     Checking mio v0.6.22
[INFO] [stderr]     Checking openssl v0.10.30
[INFO] [stderr]     Checking rand_chacha v0.2.2
[INFO] [stderr]     Checking tracing v0.1.19
[INFO] [stderr]     Checking rand v0.7.3
[INFO] [stderr]     Checking rand v0.3.23
[INFO] [stderr]     Checking tokio v0.2.22
[INFO] [stderr]     Checking tokio-util v0.3.1
[INFO] [stderr]     Checking h2 v0.2.6
[INFO] [stderr]     Checking hyper v0.13.7
[INFO] [stderr]     Checking websocket v0.12.2
[INFO] [stdout] error: no rules expected the token `flags`
[INFO] [stdout]  --> /opt/rustwide/cargo-home/registry/src/github.com-1ecc6299db9ec823/websocket-0.12.2/src/ws/util/header.rs:9:2
[INFO] [stdout]   |
[INFO] [stdout] 9 |     flags DataFrameFlags: u8 {
[INFO] [stdout]   |     ^^^^^ no rules expected this token in macro call
[INFO] [stdout] 
[INFO] [stdout] 
[INFO] [stdout] error[E0432]: unresolved import `hyper::buffer`
[INFO] [stdout]  --> /opt/rustwide/cargo-home/registry/src/github.com-1ecc6299db9ec823/websocket-0.12.2/src/client/receiver.rs:4:12
[INFO] [stdout]   |
[INFO] [stdout] 4 | use hyper::buffer::BufReader;
[INFO] [stdout]   |            ^^^^^^ could not find `buffer` in `hyper`
[INFO] [stdout] 
[INFO] [stdout] 
[INFO] [stdout] error[E0432]: unresolved import `hyper::version`
[INFO] [stdout]  --> /opt/rustwide/cargo-home/registry/src/github.com-1ecc6299db9ec823/websocket-0.12.2/src/client/request.rs:6:12
[INFO] [stdout]   |
[INFO] [stdout] 6 | use hyper::version::HttpVersion;
[INFO] [stdout]   |            ^^^^^^^ could not find `version` in `hyper`
[INFO] [stdout] 
[INFO] [stdout] 
[INFO] [stdout] error[E0432]: unresolved import `hyper::buffer`
[INFO] [stdout]  --> /opt/rustwide/cargo-home/registry/src/github.com-1ecc6299db9ec823/websocket-0.12.2/src/client/request.rs:7:12
[INFO] [stdout]   |
[INFO] [stdout] 7 | use hyper::buffer::BufReader;
[INFO] [stdout]   |            ^^^^^^ could not find `buffer` in `hyper`
[INFO] [stdout] 
[INFO] [stdout] 
[INFO] [stdout] error[E0432]: unresolved import `hyper::header::Headers`
[INFO] [stdout]  --> /opt/rustwide/cargo-home/registry/src/github.com-1ecc6299db9ec823/websocket-0.12.2/src/client/request.rs:8:5
[INFO] [stdout]   |
[INFO] [stdout] 8 | use hyper::header::Headers;
[INFO] [stdout]   |     ^^^^^^^^^^^^^^^^^^^^^^ no `Headers` in `header`
[INFO] [stdout] 
[INFO] [stdout] 
[INFO] [stdout] error[E0432]: unresolved imports `hyper::header::Connection`, `hyper::header::ConnectionOption`
[INFO] [stdout]  --> /opt/rustwide/cargo-home/registry/src/github.com-1ecc6299db9ec823/websocket-0.12.2/src/client/request.rs:9:21
[INFO] [stdout]   |
[INFO] [stdout] 9 | use hyper::header::{Connection, ConnectionOption};
[INFO] [stdout]   |                     ^^^^^^^^^^  ^^^^^^^^^^^^^^^^ no `ConnectionOption` in `header`
[INFO] [stdout]   |                     |
[INFO] [stdout]   |                     no `Connection` in `header`
[INFO] [stdout] 
[INFO] [stdout] 
[INFO] [stdout] error[E0432]: unresolved imports `hyper::header::Upgrade`, `hyper::header::Protocol`, `hyper::header::ProtocolName`
[INFO] [stdout]   --> /opt/rustwide/cargo-home/registry/src/github.com-1ecc6299db9ec823/websocket-0.12.2/src/client/request.rs:10:21
[INFO] [stdout]    |
[INFO] [stdout] 10 | use hyper::header::{Upgrade, Protocol, ProtocolName};
[INFO] [stdout]    |                     ^^^^^^^  ^^^^^^^^  ^^^^^^^^^^^^ no `ProtocolName` in `header`
[INFO] [stdout]    |                     |        |
[INFO] [stdout]    |                     |        no `Protocol` in `header`
[INFO] [stdout]    |                     no `Upgrade` in `header`
[INFO] [stdout] 
[INFO] [stdout] 
[INFO] [stdout] error[E0432]: unresolved import `hyper::status`
[INFO] [stdout]  --> /opt/rustwide/cargo-home/registry/src/github.com-1ecc6299db9ec823/websocket-0.12.2/src/client/response.rs:5:12
[INFO] [stdout]   |
[INFO] [stdout] 5 | use hyper::status::StatusCode;
[INFO] [stdout]   |            ^^^^^^ could not find `status` in `hyper`
[INFO] [stdout] 
[INFO] [stdout] 
[INFO] [stdout] error[E0432]: unresolved import `hyper::buffer`
[INFO] [stdout]  --> /opt/rustwide/cargo-home/registry/src/github.com-1ecc6299db9ec823/websocket-0.12.2/src/client/response.rs:6:12
[INFO] [stdout]   |
[INFO] [stdout] 6 | use hyper::buffer::BufReader;
[INFO] [stdout]   |            ^^^^^^ could not find `buffer` in `hyper`
[INFO] [stdout] 
[INFO] [stdout] 
[INFO] [stdout] error[E0432]: unresolved import `hyper::version`
[INFO] [stdout]  --> /opt/rustwide/cargo-home/registry/src/github.com-1ecc6299db9ec823/websocket-0.12.2/src/client/response.rs:7:12
[INFO] [stdout]   |
[INFO] [stdout] 7 | use hyper::version::HttpVersion;
[INFO] [stdout]   |            ^^^^^^^ could not find `version` in `hyper`
[INFO] [stdout] 
[INFO] [stdout] 
[INFO] [stdout] error[E0432]: unresolved import `hyper::header::Headers`
[INFO] [stdout]  --> /opt/rustwide/cargo-home/registry/src/github.com-1ecc6299db9ec823/websocket-0.12.2/src/client/response.rs:8:5
[INFO] [stdout]   |
[INFO] [stdout] 8 | use hyper::header::Headers;
[INFO] [stdout]   |     ^^^^^^^^^^^^^^^^^^^^^^ no `Headers` in `header`
[INFO] [stdout] 
[INFO] [stdout] 
[INFO] [stdout] error[E0432]: unresolved imports `hyper::header::Connection`, `hyper::header::ConnectionOption`
[INFO] [stdout]  --> /opt/rustwide/cargo-home/registry/src/github.com-1ecc6299db9ec823/websocket-0.12.2/src/client/response.rs:9:21
[INFO] [stdout]   |
[INFO] [stdout] 9 | use hyper::header::{Connection, ConnectionOption};
[INFO] [stdout]   |                     ^^^^^^^^^^  ^^^^^^^^^^^^^^^^ no `ConnectionOption` in `header`
[INFO] [stdout]   |                     |
[INFO] [stdout]   |                     no `Connection` in `header`
[INFO] [stdout] 
[INFO] [stdout] 
[INFO] [stdout] error[E0432]: unresolved imports `hyper::header::Upgrade`, `hyper::header::Protocol`, `hyper::header::ProtocolName`
[INFO] [stdout]   --> /opt/rustwide/cargo-home/registry/src/github.com-1ecc6299db9ec823/websocket-0.12.2/src/client/response.rs:10:21
[INFO] [stdout]    |
[INFO] [stdout] 10 | use hyper::header::{Upgrade, Protocol, ProtocolName};
[INFO] [stdout]    |                     ^^^^^^^  ^^^^^^^^  ^^^^^^^^^^^^ no `ProtocolName` in `header`
[INFO] [stdout]    |                     |        |
[INFO] [stdout]    |                     |        no `Protocol` in `header`
[INFO] [stdout]    |                     no `Upgrade` in `header`
[INFO] [stdout] 
[INFO] [stdout] 
[INFO] [stdout] error[E0432]: unresolved import `hyper::http::h1`
[INFO] [stdout]   --> /opt/rustwide/cargo-home/registry/src/github.com-1ecc6299db9ec823/websocket-0.12.2/src/client/response.rs:11:18
[INFO] [stdout]    |
[INFO] [stdout] 11 | use hyper::http::h1::parse_response;
[INFO] [stdout]    |                  ^^ could not find `h1` in `http`
[INFO] [stdout] 
[INFO] [stdout] 
[INFO] [stdout] error[E0432]: unresolved import `hyper::uri`
[INFO] [stdout]  --> /opt/rustwide/cargo-home/registry/src/github.com-1ecc6299db9ec823/websocket-0.12.2/src/server/request.rs:9:16
[INFO] [stdout]   |
[INFO] [stdout] 9 | pub use hyper::uri::RequestUri;
[INFO] [stdout]   |                ^^^ could not find `uri` in `hyper`
[INFO] [stdout] 
[INFO] [stdout] 
[INFO] [stdout] error[E0432]: unresolved import `hyper::buffer`
[INFO] [stdout]   --> /opt/rustwide/cargo-home/registry/src/github.com-1ecc6299db9ec823/websocket-0.12.2/src/server/request.rs:11:12
[INFO] [stdout]    |
[INFO] [stdout] 11 | use hyper::buffer::BufReader;
[INFO] [stdout]    |            ^^^^^^ could not find `buffer` in `hyper`
[INFO] [stdout] 
[INFO] [stdout] 
[INFO] [stdout] error[E0432]: unresolved import `hyper::version`
[INFO] [stdout]   --> /opt/rustwide/cargo-home/registry/src/github.com-1ecc6299db9ec823/websocket-0.12.2/src/server/request.rs:12:12
[INFO] [stdout]    |
[INFO] [stdout] 12 | use hyper::version::HttpVersion;
[INFO] [stdout]    |            ^^^^^^^ could not find `version` in `hyper`
[INFO] [stdout] 
[INFO] [stdout] 
[INFO] [stdout] error[E0432]: unresolved import `hyper::header::Headers`
[INFO] [stdout]   --> /opt/rustwide/cargo-home/registry/src/github.com-1ecc6299db9ec823/websocket-0.12.2/src/server/request.rs:13:5
[INFO] [stdout]    |
[INFO] [stdout] 13 | use hyper::header::Headers;
[INFO] [stdout]    |     ^^^^^^^^^^^^^^^^^^^^^^ no `Headers` in `header`
[INFO] [stdout] 
[INFO] [stdout] 
[INFO] [stdout] error[E0432]: unresolved imports `hyper::header::Connection`, `hyper::header::ConnectionOption`
[INFO] [stdout]   --> /opt/rustwide/cargo-home/registry/src/github.com-1ecc6299db9ec823/websocket-0.12.2/src/server/request.rs:14:21
[INFO] [stdout]    |
[INFO] [stdout] 14 | use hyper::header::{Connection, ConnectionOption};
[INFO] [stdout]    |                     ^^^^^^^^^^  ^^^^^^^^^^^^^^^^ no `ConnectionOption` in `header`
[INFO] [stdout]    |                     |
[INFO] [stdout]    |                     no `Connection` in `header`
[INFO] [stdout] 
[INFO] [stdout] 
[INFO] [stdout] error[E0432]: unresolved imports `hyper::header::Upgrade`, `hyper::header::ProtocolName`
[INFO] [stdout]   --> /opt/rustwide/cargo-home/registry/src/github.com-1ecc6299db9ec823/websocket-0.12.2/src/server/request.rs:15:21
[INFO] [stdout]    |
[INFO] [stdout] 15 | use hyper::header::{Upgrade, ProtocolName};
[INFO] [stdout]    |                     ^^^^^^^  ^^^^^^^^^^^^ no `ProtocolName` in `header`
[INFO] [stdout]    |                     |
[INFO] [stdout]    |                     no `Upgrade` in `header`
[INFO] [stdout] 
[INFO] [stdout] 
[INFO] [stdout] error[E0432]: unresolved import `hyper::http::h1`
[INFO] [stdout]   --> /opt/rustwide/cargo-home/registry/src/github.com-1ecc6299db9ec823/websocket-0.12.2/src/server/request.rs:16:18
[INFO] [stdout]    |
[INFO] [stdout] 16 | use hyper::http::h1::parse_request;
[INFO] [stdout]    |                  ^^ could not find `h1` in `http`
[INFO] [stdout] 
[INFO] [stdout] 
[INFO] [stdout] error[E0432]: unresolved import `hyper::method`
[INFO] [stdout]   --> /opt/rustwide/cargo-home/registry/src/github.com-1ecc6299db9ec823/websocket-0.12.2/src/server/request.rs:17:12
[INFO] [stdout]    |
[INFO] [stdout] 17 | use hyper::method::Method;
[INFO] [stdout]    |            ^^^^^^ could not find `method` in `hyper`
[INFO] [stdout] 
[INFO] [stdout] 
[INFO] [stdout] error[E0432]: unresolved import `hyper::status`
[INFO] [stdout]  --> /opt/rustwide/cargo-home/registry/src/github.com-1ecc6299db9ec823/websocket-0.12.2/src/server/response.rs:4:12
[INFO] [stdout]   |
[INFO] [stdout] 4 | use hyper::status::StatusCode;
[INFO] [stdout]   |            ^^^^^^ could not find `status` in `hyper`
[INFO] [stdout] 
[INFO] [stdout] 
[INFO] [stdout] error[E0432]: unresolved import `hyper::version`
[INFO] [stdout]  --> /opt/rustwide/cargo-home/registry/src/github.com-1ecc6299db9ec823/websocket-0.12.2/src/server/response.rs:5:12
[INFO] [stdout]   |
[INFO] [stdout] 5 | use hyper::version::HttpVersion;
[INFO] [stdout]   |            ^^^^^^^ could not find `version` in `hyper`
[INFO] [stdout] 
[INFO] [stdout] 
[INFO] [stdout] error[E0432]: unresolved import `hyper::header::Headers`
[INFO] [stdout]  --> /opt/rustwide/cargo-home/registry/src/github.com-1ecc6299db9ec823/websocket-0.12.2/src/server/response.rs:6:5
[INFO] [stdout]   |
[INFO] [stdout] 6 | use hyper::header::Headers;
[INFO] [stdout]   |     ^^^^^^^^^^^^^^^^^^^^^^ no `Headers` in `header`
[INFO] [stdout] 
[INFO] [stdout] 
[INFO] [stdout] error[E0432]: unresolved imports `hyper::header::Connection`, `hyper::header::ConnectionOption`
[INFO] [stdout]  --> /opt/rustwide/cargo-home/registry/src/github.com-1ecc6299db9ec823/websocket-0.12.2/src/server/response.rs:7:21
[INFO] [stdout]   |
[INFO] [stdout] 7 | use hyper::header::{Connection, ConnectionOption};
[INFO] [stdout]   |                     ^^^^^^^^^^  ^^^^^^^^^^^^^^^^ no `ConnectionOption` in `header`
[INFO] [stdout]   |                     |
[INFO] [stdout]   |                     no `Connection` in `header`
[INFO] [stdout] 
[INFO] [stdout] 
[INFO] [stdout] error[E0432]: unresolved imports `hyper::header::Upgrade`, `hyper::header::Protocol`, `hyper::header::ProtocolName`
[INFO] [stdout]  --> /opt/rustwide/cargo-home/registry/src/github.com-1ecc6299db9ec823/websocket-0.12.2/src/server/response.rs:8:21
[INFO] [stdout]   |
[INFO] [stdout] 8 | use hyper::header::{Upgrade, Protocol, ProtocolName};
[INFO] [stdout]   |                     ^^^^^^^  ^^^^^^^^  ^^^^^^^^^^^^ no `ProtocolName` in `header`
[INFO] [stdout]   |                     |        |
[INFO] [stdout]   |                     |        no `Protocol` in `header`
[INFO] [stdout]   |                     no `Upgrade` in `header`
[INFO] [stdout] 
[INFO] [stdout] 
[INFO] [stdout] error[E0432]: unresolved import `openssl::ssl::error::SslError`
[INFO] [stdout]  --> /opt/rustwide/cargo-home/registry/src/github.com-1ecc6299db9ec823/websocket-0.12.2/src/result.rs:8:5
[INFO] [stdout]   |
[INFO] [stdout] 8 | use openssl::ssl::error::SslError;
[INFO] [stdout]   |     ^^^^^^^^^^^^^^^^^^^^^--------
[INFO] [stdout]   |     |                    |
[INFO] [stdout]   |     |                    help: a similar name exists in the module: `StdError`
[INFO] [stdout]   |     no `SslError` in `ssl::error`
[INFO] [stdout] 
[INFO] [stdout] 
[INFO] [stdout] error[E0432]: unresolved import `hyper::header::Headers`
[INFO] [stdout]   --> /opt/rustwide/cargo-home/registry/src/github.com-1ecc6299db9ec823/websocket-0.12.2/src/header/mod.rs:12:9
[INFO] [stdout]    |
[INFO] [stdout] 12 | pub use hyper::header::Headers;
[INFO] [stdout]    |         ^^^^^^^^^^^^^^^^^^^^^^ no `Headers` in `header`
[INFO] [stdout] 
[INFO] [stdout] 
[INFO] [stdout] error[E0432]: unresolved imports `hyper::header::Header`, `hyper::header::HeaderFormat`
[INFO] [stdout]  --> /opt/rustwide/cargo-home/registry/src/github.com-1ecc6299db9ec823/websocket-0.12.2/src/header/accept.rs:1:21
[INFO] [stdout]   |
[INFO] [stdout] 1 | use hyper::header::{Header, HeaderFormat};
[INFO] [stdout]   |                     ^^^^^^  ^^^^^^^^^^^^ no `HeaderFormat` in `header`
[INFO] [stdout]   |                     |
[INFO] [stdout]   |                     no `Header` in `header`
[INFO] [stdout] 
[INFO] [stdout] 
[INFO] [stdout] error[E0432]: unresolved import `hyper::header::parsing`
[INFO] [stdout]  --> /opt/rustwide/cargo-home/registry/src/github.com-1ecc6299db9ec823/websocket-0.12.2/src/header/accept.rs:2:20
[INFO] [stdout]   |
[INFO] [stdout] 2 | use hyper::header::parsing::from_one_raw_str;
[INFO] [stdout]   |                    ^^^^^^^ could not find `parsing` in `header`
[INFO] [stdout] 
[INFO] [stdout] 
[INFO] [stdout] error[E0433]: failed to resolve: could not find `crypto` in `openssl`
[INFO] [stdout]  --> /opt/rustwide/cargo-home/registry/src/github.com-1ecc6299db9ec823/websocket-0.12.2/src/header/accept.rs:8:14
[INFO] [stdout]   |
[INFO] [stdout] 8 | use openssl::crypto::hash::{self, hash};
[INFO] [stdout]   |              ^^^^^^ could not find `crypto` in `openssl`
[INFO] [stdout] 
[INFO] [stdout] 
[INFO] [stdout] error[E0432]: unresolved import `openssl::crypto`
[INFO] [stdout]  --> /opt/rustwide/cargo-home/registry/src/github.com-1ecc6299db9ec823/websocket-0.12.2/src/header/accept.rs:8:14
[INFO] [stdout]   |
[INFO] [stdout] 8 | use openssl::crypto::hash::{self, hash};
[INFO] [stdout]   |              ^^^^^^ could not find `crypto` in `openssl`
[INFO] [stdout] 
[INFO] [stdout] 
[INFO] [stdout] error[E0432]: unresolved imports `hyper::header::Header`, `hyper::header::HeaderFormat`
[INFO] [stdout]  --> /opt/rustwide/cargo-home/registry/src/github.com-1ecc6299db9ec823/websocket-0.12.2/src/header/key.rs:1:21
[INFO] [stdout]   |
[INFO] [stdout] 1 | use hyper::header::{Header, HeaderFormat};
[INFO] [stdout]   |                     ^^^^^^  ^^^^^^^^^^^^ no `HeaderFormat` in `header`
[INFO] [stdout]   |                     |
[INFO] [stdout]   |                     no `Header` in `header`
[INFO] [stdout] 
[INFO] [stdout] 
[INFO] [stdout] error[E0432]: unresolved import `hyper::header::parsing`
[INFO] [stdout]  --> /opt/rustwide/cargo-home/registry/src/github.com-1ecc6299db9ec823/websocket-0.12.2/src/header/key.rs:2:20
[INFO] [stdout]   |
[INFO] [stdout] 2 | use hyper::header::parsing::from_one_raw_str;
[INFO] [stdout]   |                    ^^^^^^^ could not find `parsing` in `header`
[INFO] [stdout] 
[INFO] [stdout] 
[INFO] [stdout] error[E0432]: unresolved imports `hyper::header::Header`, `hyper::header::HeaderFormat`
[INFO] [stdout]  --> /opt/rustwide/cargo-home/registry/src/github.com-1ecc6299db9ec823/websocket-0.12.2/src/header/protocol.rs:1:21
[INFO] [stdout]   |
[INFO] [stdout] 1 | use hyper::header::{Header, HeaderFormat};
[INFO] [stdout]   |                     ^^^^^^  ^^^^^^^^^^^^ no `HeaderFormat` in `header`
[INFO] [stdout]   |                     |
[INFO] [stdout]   |                     no `Header` in `header`
[INFO] [stdout] 
[INFO] [stdout] 
[INFO] [stdout] error[E0432]: unresolved import `hyper::header::parsing`
[INFO] [stdout]  --> /opt/rustwide/cargo-home/registry/src/github.com-1ecc6299db9ec823/websocket-0.12.2/src/header/protocol.rs:2:20
[INFO] [stdout]   |
[INFO] [stdout] 2 | use hyper::header::parsing::{from_comma_delimited, fmt_comma_delimited};
[INFO] [stdout]   |                    ^^^^^^^ could not find `parsing` in `header`
[INFO] [stdout] 
[INFO] [stdout] 
[INFO] [stdout] error[E0432]: unresolved imports `hyper::header::Header`, `hyper::header::HeaderFormat`
[INFO] [stdout]  --> /opt/rustwide/cargo-home/registry/src/github.com-1ecc6299db9ec823/websocket-0.12.2/src/header/version.rs:1:21
[INFO] [stdout]   |
[INFO] [stdout] 1 | use hyper::header::{Header, HeaderFormat};
[INFO] [stdout]   |                     ^^^^^^  ^^^^^^^^^^^^ no `HeaderFormat` in `header`
[INFO] [stdout]   |                     |
[INFO] [stdout]   |                     no `Header` in `header`
[INFO] [stdout] 
[INFO] [stdout] 
[INFO] [stdout] error[E0432]: unresolved import `hyper::header::parsing`
[INFO] [stdout]  --> /opt/rustwide/cargo-home/registry/src/github.com-1ecc6299db9ec823/websocket-0.12.2/src/header/version.rs:2:20
[INFO] [stdout]   |
[INFO] [stdout] 2 | use hyper::header::parsing::from_one_raw_str;
[INFO] [stdout]   |                    ^^^^^^^ could not find `parsing` in `header`
[INFO] [stdout] 
[INFO] [stdout] 
[INFO] [stdout] error[E0432]: unresolved imports `hyper::header::Header`, `hyper::header::HeaderFormat`
[INFO] [stdout]  --> /opt/rustwide/cargo-home/registry/src/github.com-1ecc6299db9ec823/websocket-0.12.2/src/header/extensions.rs:3:21
[INFO] [stdout]   |
[INFO] [stdout] 3 | use hyper::header::{Header, HeaderFormat};
[INFO] [stdout]   |                     ^^^^^^  ^^^^^^^^^^^^ no `HeaderFormat` in `header`
[INFO] [stdout]   |                     |
[INFO] [stdout]   |                     no `Header` in `header`
[INFO] [stdout] 
[INFO] [stdout] 
[INFO] [stdout] error[E0432]: unresolved import `hyper::header::parsing`
[INFO] [stdout]  --> /opt/rustwide/cargo-home/registry/src/github.com-1ecc6299db9ec823/websocket-0.12.2/src/header/extensions.rs:4:20
[INFO] [stdout]   |
[INFO] [stdout] 4 | use hyper::header::parsing::{from_comma_delimited, fmt_comma_delimited};
[INFO] [stdout]   |                    ^^^^^^^ could not find `parsing` in `header`
[INFO] [stdout] 
[INFO] [stdout] 
[INFO] [stdout] error[E0432]: unresolved imports `hyper::header::Header`, `hyper::header::HeaderFormat`
[INFO] [stdout]  --> /opt/rustwide/cargo-home/registry/src/github.com-1ecc6299db9ec823/websocket-0.12.2/src/header/origin.rs:1:21
[INFO] [stdout]   |
[INFO] [stdout] 1 | use hyper::header::{Header, HeaderFormat};
[INFO] [stdout]   |                     ^^^^^^  ^^^^^^^^^^^^ no `HeaderFormat` in `header`
[INFO] [stdout]   |                     |
[INFO] [stdout]   |                     no `Header` in `header`
[INFO] [stdout] 
[INFO] [stdout] 
[INFO] [stdout] error[E0432]: unresolved import `hyper::header::parsing`
[INFO] [stdout]  --> /opt/rustwide/cargo-home/registry/src/github.com-1ecc6299db9ec823/websocket-0.12.2/src/header/origin.rs:2:20
[INFO] [stdout]   |
[INFO] [stdout] 2 | use hyper::header::parsing::from_one_raw_str;
[INFO] [stdout]   |                    ^^^^^^^ could not find `parsing` in `header`
[INFO] [stdout] 
[INFO] [stdout] 
[INFO] [stdout] error[E0432]: unresolved import `hyper::header::Host`
[INFO] [stdout]  --> /opt/rustwide/cargo-home/registry/src/github.com-1ecc6299db9ec823/websocket-0.12.2/src/ws/util/url.rs:5:5
[INFO] [stdout]   |
[INFO] [stdout] 5 | use hyper::header::Host;
[INFO] [stdout]   |     ^^^^^^^^^^^^^^^^^^^ no `Host` in `header`
[INFO] [stdout] 
[INFO] [stdout] 
[INFO] [stdout] error[E0433]: failed to resolve: could not find `Error` in `byteorder`
[INFO] [stdout]    --> /opt/rustwide/cargo-home/registry/src/github.com-1ecc6299db9ec823/websocket-0.12.2/src/result.rs:114:15
[INFO] [stdout]     |
[INFO] [stdout] 114 |             byteorder::Error::UnexpectedEOF => WebSocketError::NoDataAvailable,
[INFO] [stdout]     |                        ^^^^^ could not find `Error` in `byteorder`
[INFO] [stdout] 
[INFO] [stdout] 
[INFO] [stdout] error[E0433]: failed to resolve: could not find `Error` in `byteorder`
[INFO] [stdout]    --> /opt/rustwide/cargo-home/registry/src/github.com-1ecc6299db9ec823/websocket-0.12.2/src/result.rs:115:15
[INFO] [stdout]     |
[INFO] [stdout] 115 |             byteorder::Error::Io(err) => From::from(err)
[INFO] [stdout]     |                        ^^^^^ could not find `Error` in `byteorder`
[INFO] [stdout] 
[INFO] [stdout] 
[INFO] [stdout] error[E0433]: failed to resolve: use of undeclared type or module `DataFrameFlags`
[INFO] [stdout]   --> /opt/rustwide/cargo-home/registry/src/github.com-1ecc6299db9ec823/websocket-0.12.2/src/ws/util/header.rs:81:14
[INFO] [stdout]    |
[INFO] [stdout] 81 |     let flags = DataFrameFlags::from_bits_truncate(byte0);
[INFO] [stdout]    |                 ^^^^^^^^^^^^^^ use of undeclared type or module `DataFrameFlags`
[INFO] [stdout] 
[INFO] [stdout] 
[INFO] [stdout] error[E0433]: failed to resolve: could not find `DataFrameFlags` in `dfh`
[INFO] [stdout]   --> /opt/rustwide/cargo-home/registry/src/github.com-1ecc6299db9ec823/websocket-0.12.2/src/ws/util/dataframe.rs:15:23
[INFO] [stdout]    |
[INFO] [stdout] 15 |     let mut flags = dfh::DataFrameFlags::empty();
[INFO] [stdout]    |                          ^^^^^^^^^^^^^^ could not find `DataFrameFlags` in `dfh`
[INFO] [stdout] 
[INFO] [stdout] 
[INFO] [stdout] error[E0423]: expected function, tuple struct or tuple variant, found struct `UniCase`
[INFO] [stdout]   --> /opt/rustwide/cargo-home/registry/src/github.com-1ecc6299db9ec823/websocket-0.12.2/src/client/request.rs:46:39
[INFO] [stdout]    |
[INFO] [stdout] 46 |             ConnectionOption::ConnectionHeader(UniCase("Upgrade".to_string()))
[INFO] [stdout]    |                                                ^^^^^^^ constructor is not visible here due to private fields
[INFO] [stdout] 
[INFO] [stdout] 
[INFO] [stdout] error[E0423]: expected function, tuple struct or tuple variant, found struct `UniCase`
[INFO] [stdout]    --> /opt/rustwide/cargo-home/registry/src/github.com-1ecc6299db9ec823/websocket-0.12.2/src/client/response.rs:112:86
[INFO] [stdout]     |
[INFO] [stdout] 112 |         if self.headers.get() != Some(&(Connection(vec![ConnectionOption::ConnectionHeader(UniCase("Upgrade".to_string()))]))) {
[INFO] [stdout]     |                                                                                            ^^^^^^^ constructor is not visible here due to private fields
[INFO] [stdout] 
[INFO] [stdout] 
[INFO] [stdout] error[E0423]: expected function, tuple struct or tuple variant, found struct `UniCase`
[INFO] [stdout]    --> /opt/rustwide/cargo-home/registry/src/github.com-1ecc6299db9ec823/websocket-0.12.2/src/server/request.rs:134:66
[INFO] [stdout]     |
[INFO] [stdout] 134 |                 if !connection.contains(&(ConnectionOption::ConnectionHeader(UniCase("Upgrade".to_string())))) {
[INFO] [stdout]     |                                                                              ^^^^^^^ constructor is not visible here due to private fields
[INFO] [stdout] 
[INFO] [stdout] 
[INFO] [stdout] error[E0423]: expected function, tuple struct or tuple variant, found struct `UniCase`
[INFO] [stdout]   --> /opt/rustwide/cargo-home/registry/src/github.com-1ecc6299db9ec823/websocket-0.12.2/src/server/response.rs:75:39
[INFO] [stdout]    |
[INFO] [stdout] 75 |             ConnectionOption::ConnectionHeader(UniCase("Upgrade".to_string()))
[INFO] [stdout]    |                                                ^^^^^^^ constructor is not visible here due to private fields
[INFO] [stdout] 
[INFO] [stdout] 
[INFO] [stdout] error[E0412]: cannot find type `Error` in crate `byteorder`
[INFO] [stdout]    --> /opt/rustwide/cargo-home/registry/src/github.com-1ecc6299db9ec823/websocket-0.12.2/src/result.rs:111:22
[INFO] [stdout]     |
[INFO] [stdout] 111 | impl From<byteorder::Error> for WebSocketError {
[INFO] [stdout]     |                      ^^^^^ not found in `byteorder`
[INFO] [stdout]     |
[INFO] [stdout] help: consider importing one of these items
[INFO] [stdout]     |
[INFO] [stdout] 3   | use bitflags::_core::fmt::Error;
[INFO] [stdout]     |
[INFO] [stdout] 3   | use hyper::Error;
[INFO] [stdout]     |
[INFO] [stdout] 3   | use hyper::http::Error;
[INFO] [stdout]     |
[INFO] [stdout] 3   | use openssl::error::Error;
[INFO] [stdout]     |
[INFO] [stdout]       and 3 other candidates
[INFO] [stdout] 
[INFO] [stdout] 
[INFO] [stdout] error[E0412]: cannot find type `Error` in crate `byteorder`
[INFO] [stdout]    --> /opt/rustwide/cargo-home/registry/src/github.com-1ecc6299db9ec823/websocket-0.12.2/src/result.rs:112:26
[INFO] [stdout]     |
[INFO] [stdout] 112 |     fn from(err: byteorder::Error) -> WebSocketError {
[INFO] [stdout]     |                             ^^^^^ not found in `byteorder`
[INFO] [stdout]     |
[INFO] [stdout] help: consider importing one of these items
[INFO] [stdout]     |
[INFO] [stdout] 3   | use bitflags::_core::fmt::Error;
[INFO] [stdout]     |
[INFO] [stdout] 3   | use hyper::Error;
[INFO] [stdout]     |
[INFO] [stdout] 3   | use hyper::http::Error;
[INFO] [stdout]     |
[INFO] [stdout] 3   | use openssl::error::Error;
[INFO] [stdout]     |
[INFO] [stdout]       and 3 other candidates
[INFO] [stdout] 
[INFO] [stdout] 
[INFO] [stdout] error[E0412]: cannot find type `DataFrameFlags` in this scope
[INFO] [stdout]   --> /opt/rustwide/cargo-home/registry/src/github.com-1ecc6299db9ec823/websocket-0.12.2/src/ws/util/header.rs:21:13
[INFO] [stdout]    |
[INFO] [stdout] 21 |     pub flags: DataFrameFlags, 
[INFO] [stdout]    |                ^^^^^^^^^^^^^^ not found in this scope
[INFO] [stdout] 
[INFO] [stdout] 
[INFO] [stdout] error[E0425]: cannot find value `FIN` in this scope
[INFO] [stdout]    --> /opt/rustwide/cargo-home/registry/src/github.com-1ecc6299db9ec823/websocket-0.12.2/src/ws/util/header.rs:113:22
[INFO] [stdout]     |
[INFO] [stdout] 113 |         if !flags.contains(FIN) {
[INFO] [stdout]     |                            ^^^ not found in this scope
[INFO] [stdout] 
[INFO] [stdout] 
[INFO] [stdout] error[E0425]: cannot find value `FIN` in module `dfh`
[INFO] [stdout]   --> /opt/rustwide/cargo-home/registry/src/github.com-1ecc6299db9ec823/websocket-0.12.2/src/ws/util/dataframe.rs:16:44
[INFO] [stdout]    |
[INFO] [stdout] 16 |     if dataframe.finished { flags.insert(dfh::FIN); }
[INFO] [stdout]    |                                               ^^^ not found in `dfh`
[INFO] [stdout] 
[INFO] [stdout] 
[INFO] [stdout] error[E0425]: cannot find value `RSV1` in module `dfh`
[INFO] [stdout]   --> /opt/rustwide/cargo-home/registry/src/github.com-1ecc6299db9ec823/websocket-0.12.2/src/ws/util/dataframe.rs:17:47
[INFO] [stdout]    |
[INFO] [stdout] 17 |     if dataframe.reserved[0] { flags.insert(dfh::RSV1); }
[INFO] [stdout]    |                                                  ^^^^ not found in `dfh`
[INFO] [stdout] 
[INFO] [stdout] 
[INFO] [stdout] error[E0425]: cannot find value `RSV2` in module `dfh`
[INFO] [stdout]   --> /opt/rustwide/cargo-home/registry/src/github.com-1ecc6299db9ec823/websocket-0.12.2/src/ws/util/dataframe.rs:18:47
[INFO] [stdout]    |
[INFO] [stdout] 18 |     if dataframe.reserved[1] { flags.insert(dfh::RSV2); }
[INFO] [stdout]    |                                                  ^^^^ not found in `dfh`
[INFO] [stdout] 
[INFO] [stdout] 
[INFO] [stdout] error[E0425]: cannot find value `RSV3` in module `dfh`
[INFO] [stdout]   --> /opt/rustwide/cargo-home/registry/src/github.com-1ecc6299db9ec823/websocket-0.12.2/src/ws/util/dataframe.rs:19:47
[INFO] [stdout]    |
[INFO] [stdout] 19 |     if dataframe.reserved[2] { flags.insert(dfh::RSV3); }
[INFO] [stdout]    |                                                  ^^^^ not found in `dfh`
[INFO] [stdout] 
[INFO] [stdout] 
[INFO] [stdout] error[E0425]: cannot find value `FIN` in module `dfh`
[INFO] [stdout]   --> /opt/rustwide/cargo-home/registry/src/github.com-1ecc6299db9ec823/websocket-0.12.2/src/ws/util/dataframe.rs:47:40
[INFO] [stdout]    |
[INFO] [stdout] 47 |         finished: header.flags.contains(dfh::FIN),
[INFO] [stdout]    |                                              ^^^ not found in `dfh`
[INFO] [stdout] 
[INFO] [stdout] 
[INFO] [stdout] error[E0425]: cannot find value `RSV1` in module `dfh`
[INFO] [stdout]   --> /opt/rustwide/cargo-home/registry/src/github.com-1ecc6299db9ec823/websocket-0.12.2/src/ws/util/dataframe.rs:49:31
[INFO] [stdout]    |
[INFO] [stdout] 49 |             header.flags.contains(dfh::RSV1),
[INFO] [stdout]    |                                        ^^^^ not found in `dfh`
[INFO] [stdout] 
[INFO] [stdout] 
[INFO] [stdout] error[E0425]: cannot find value `RSV2` in module `dfh`
[INFO] [stdout]   --> /opt/rustwide/cargo-home/registry/src/github.com-1ecc6299db9ec823/websocket-0.12.2/src/ws/util/dataframe.rs:50:31
[INFO] [stdout]    |
[INFO] [stdout] 50 |             header.flags.contains(dfh::RSV2),
[INFO] [stdout]    |                                        ^^^^ not found in `dfh`
[INFO] [stdout] 
[INFO] [stdout] 
[INFO] [stdout] error[E0425]: cannot find value `RSV3` in module `dfh`
[INFO] [stdout]   --> /opt/rustwide/cargo-home/registry/src/github.com-1ecc6299db9ec823/websocket-0.12.2/src/ws/util/dataframe.rs:51:31
[INFO] [stdout]    |
[INFO] [stdout] 51 |             header.flags.contains(dfh::RSV3)
[INFO] [stdout]    |                                        ^^^^ not found in `dfh`
[INFO] [stdout] 
[INFO] [stdout] 
[INFO] [stdout] error[E0603]: module `error` is private
[INFO] [stdout]    --> /opt/rustwide/cargo-home/registry/src/github.com-1ecc6299db9ec823/websocket-0.12.2/src/result.rs:8:19
[INFO] [stdout]     |
[INFO] [stdout] 8   | use openssl::ssl::error::SslError;
[INFO] [stdout]     |                   ^^^^^ private module
[INFO] [stdout]     |
[INFO] [stdout] note: the module `error` is defined here
[INFO] [stdout]    --> /opt/rustwide/cargo-home/registry/src/github.com-1ecc6299db9ec823/openssl-0.10.30/src/ssl/mod.rs:110:1
[INFO] [stdout]     |
[INFO] [stdout] 110 | mod error;
[INFO] [stdout]     | ^^^^^^^^^^
[INFO] [stdout] 
[INFO] [stdout] 
[INFO] [stdout] error: aborting due to 65 previous errors
[INFO] [stdout] 
[INFO] [stdout] 
[INFO] [stdout] Some errors have detailed explanations: E0412, E0423, E0425, E0432, E0433, E0603.
[INFO] [stdout] 
[INFO] [stdout] For more information about an error, try `rustc --explain E0412`.
[INFO] [stdout] 
[INFO] [stderr] error: could not compile `websocket`.
[INFO] [stderr] 
[INFO] [stderr] To learn more, run the command again with --verbose.
[INFO] running `Command { std: "docker" "inspect" "df8436e32a80b7699c5aa01f49a0af4427c564e46754d72284ad1a3068f935e6", kill_on_drop: false }`
[INFO] running `Command { std: "docker" "rm" "-f" "df8436e32a80b7699c5aa01f49a0af4427c564e46754d72284ad1a3068f935e6", kill_on_drop: false }`
[INFO] [stdout] df8436e32a80b7699c5aa01f49a0af4427c564e46754d72284ad1a3068f935e6
